{"id":836,"date":"2019-05-16T23:38:48","date_gmt":"2019-05-16T21:38:48","guid":{"rendered":"https:\/\/www.caxuacu.com\/?page_id=836"},"modified":"2019-05-16T23:46:58","modified_gmt":"2019-05-16T21:46:58","slug":"museo-de-la-panera","status":"publish","type":"page","link":"https:\/\/www.caxuacu.com\/index.php\/hotel\/museo-de-la-panera\/","title":{"rendered":"Museo de la Panera"},"content":{"rendered":"\n<p>La\u00a0<strong>panera<\/strong>\u00a0es una antigua edificaci\u00f3n rural sobre pilares para almacenar el cereal. Es similar al horreo, pero por lo general tiene m\u00e1s de cuatro pegollos\u00a0o pilares. <\/p>\n\n\n\n<p>La distinci\u00f3n estricta, sin embargo, entre h\u00f3rreo y panera no es el n\u00famero de pegollos, sino el tejado. Los h\u00f3rreos tienen tejados a cuatro aguas que se unen en el punto superior, mientras que las paneras tienen tejados con caballete.<\/p>\n\n\n\n<p>Dejando de lado el uso que nuestros ancestros, en \u00abCa Xuacu\u00bb quisimos rendir homenaje a nuestra panera albergando un peque\u00f1o museo etnogr\u00e1fico como no, para disfrute de nuestros clientes.<\/p>\n\n\n\n<p>En \u00e9l podr\u00e1n encontrar singulares piezas, algunas de la vida cotidiana y otras ligadas a los oficios del mar que nos trasladar\u00e1n a tiempos pasados.<\/p>\n\n\n\n<p>Destacamos v\u00e9rtebras y costillas de ballena, una maqueta de un pesquero,  br\u00fajula de embarcaci\u00f3n, r\u00e1dios antiguas, aperos de labranza y de pesca, objetos de decoraci\u00f3n antiguo<\/p>\n\n\n\n<ul class=\"wp-block-gallery columns-3 is-cropped wp-block-gallery-1 is-layout-flex wp-block-gallery-is-layout-flex\"><li class=\"blocks-gallery-item\"><figure><img decoding=\"async\" src=\"https:\/\/www.caxuacu.com\/wp-content\/uploads\/2019\/05\/DSCF2916-1024x768.jpg\" alt=\"\" data-id=\"837\" data-link=\"https:\/\/www.caxuacu.com\/?attachment_id=837\" class=\"wp-image-837\"\/><\/figure><\/li><li class=\"blocks-gallery-item\"><figure><img decoding=\"async\" src=\"https:\/\/www.caxuacu.com\/wp-content\/uploads\/2019\/05\/DSCF2917-1024x768.jpg\" alt=\"\" data-id=\"841\" data-link=\"https:\/\/www.caxuacu.com\/?attachment_id=841\" class=\"wp-image-841\"\/><\/figure><\/li><li class=\"blocks-gallery-item\"><figure><img loading=\"lazy\" decoding=\"async\" width=\"1024\" height=\"768\" src=\"https:\/\/www.caxuacu.com\/wp-content\/uploads\/2019\/05\/DSCF2920-1024x768.jpg\" alt=\"\" data-id=\"853\" data-link=\"https:\/\/www.caxuacu.com\/?attachment_id=853\" class=\"wp-image-853\" srcset=\"https:\/\/www.caxuacu.com\/wp-content\/uploads\/2019\/05\/DSCF2920-1024x768.jpg 1024w, https:\/\/www.caxuacu.com\/wp-content\/uploads\/2019\/05\/DSCF2920-300x225.jpg 300w, https:\/\/www.caxuacu.com\/wp-content\/uploads\/2019\/05\/DSCF2920-768x576.jpg 768w, https:\/\/www.caxuacu.com\/wp-content\/uploads\/2019\/05\/DSCF2920-747x560.jpg 747w, https:\/\/www.caxuacu.com\/wp-content\/uploads\/2019\/05\/DSCF2920-2000x1500.jpg 2000w, https:\/\/www.caxuacu.com\/wp-content\/uploads\/2019\/05\/DSCF2920-712x534.jpg 712w\" sizes=\"auto, (max-width: 1024px) 100vw, 1024px\" \/><\/figure><\/li><li class=\"blocks-gallery-item\"><figure><img loading=\"lazy\" decoding=\"async\" width=\"1024\" height=\"768\" src=\"https:\/\/www.caxuacu.com\/wp-content\/uploads\/2019\/05\/DSCF2922-1024x768.jpg\" alt=\"\" data-id=\"865\" data-link=\"https:\/\/www.caxuacu.com\/?attachment_id=865\" class=\"wp-image-865\" srcset=\"https:\/\/www.caxuacu.com\/wp-content\/uploads\/2019\/05\/DSCF2922-1024x768.jpg 1024w, https:\/\/www.caxuacu.com\/wp-content\/uploads\/2019\/05\/DSCF2922-300x225.jpg 300w, https:\/\/www.caxuacu.com\/wp-content\/uploads\/2019\/05\/DSCF2922-768x576.jpg 768w, https:\/\/www.caxuacu.com\/wp-content\/uploads\/2019\/05\/DSCF2922-747x560.jpg 747w, https:\/\/www.caxuacu.com\/wp-content\/uploads\/2019\/05\/DSCF2922-2000x1500.jpg 2000w, https:\/\/www.caxuacu.com\/wp-content\/uploads\/2019\/05\/DSCF2922-712x534.jpg 712w\" sizes=\"auto, (max-width: 1024px) 100vw, 1024px\" \/><\/figure><\/li><li class=\"blocks-gallery-item\"><figure><img loading=\"lazy\" decoding=\"async\" width=\"1024\" height=\"768\" src=\"https:\/\/www.caxuacu.com\/wp-content\/uploads\/2019\/05\/DSCF2923-1024x768.jpg\" alt=\"\" data-id=\"869\" data-link=\"https:\/\/www.caxuacu.com\/?attachment_id=869\" class=\"wp-image-869\" srcset=\"https:\/\/www.caxuacu.com\/wp-content\/uploads\/2019\/05\/DSCF2923-1024x768.jpg 1024w, https:\/\/www.caxuacu.com\/wp-content\/uploads\/2019\/05\/DSCF2923-300x225.jpg 300w, https:\/\/www.caxuacu.com\/wp-content\/uploads\/2019\/05\/DSCF2923-768x576.jpg 768w, https:\/\/www.caxuacu.com\/wp-content\/uploads\/2019\/05\/DSCF2923-747x560.jpg 747w, https:\/\/www.caxuacu.com\/wp-content\/uploads\/2019\/05\/DSCF2923-2000x1500.jpg 2000w, https:\/\/www.caxuacu.com\/wp-content\/uploads\/2019\/05\/DSCF2923-712x534.jpg 712w\" sizes=\"auto, (max-width: 1024px) 100vw, 1024px\" \/><\/figure><\/li><li class=\"blocks-gallery-item\"><figure><img loading=\"lazy\" decoding=\"async\" width=\"1024\" height=\"768\" src=\"https:\/\/www.caxuacu.com\/wp-content\/uploads\/2019\/05\/DSCF2926-1024x768.jpg\" alt=\"\" data-id=\"882\" data-link=\"https:\/\/www.caxuacu.com\/index.php\/hotel\/museo-de-la-panera\/dscf2926\/\" class=\"wp-image-882\" srcset=\"https:\/\/www.caxuacu.com\/wp-content\/uploads\/2019\/05\/DSCF2926-1024x768.jpg 1024w, https:\/\/www.caxuacu.com\/wp-content\/uploads\/2019\/05\/DSCF2926-300x225.jpg 300w, https:\/\/www.caxuacu.com\/wp-content\/uploads\/2019\/05\/DSCF2926-768x576.jpg 768w, https:\/\/www.caxuacu.com\/wp-content\/uploads\/2019\/05\/DSCF2926-747x560.jpg 747w, https:\/\/www.caxuacu.com\/wp-content\/uploads\/2019\/05\/DSCF2926-2000x1500.jpg 2000w, https:\/\/www.caxuacu.com\/wp-content\/uploads\/2019\/05\/DSCF2926-712x534.jpg 712w\" sizes=\"auto, (max-width: 1024px) 100vw, 1024px\" \/><\/figure><\/li><li class=\"blocks-gallery-item\"><figure><img loading=\"lazy\" decoding=\"async\" width=\"1024\" height=\"768\" src=\"https:\/\/www.caxuacu.com\/wp-content\/uploads\/2019\/05\/DSCF2927-1024x768.jpg\" alt=\"\" data-id=\"886\" data-link=\"https:\/\/www.caxuacu.com\/index.php\/hotel\/museo-de-la-panera\/dscf2927\/\" class=\"wp-image-886\" srcset=\"https:\/\/www.caxuacu.com\/wp-content\/uploads\/2019\/05\/DSCF2927-1024x768.jpg 1024w, https:\/\/www.caxuacu.com\/wp-content\/uploads\/2019\/05\/DSCF2927-300x225.jpg 300w, https:\/\/www.caxuacu.com\/wp-content\/uploads\/2019\/05\/DSCF2927-768x576.jpg 768w, https:\/\/www.caxuacu.com\/wp-content\/uploads\/2019\/05\/DSCF2927-747x560.jpg 747w, https:\/\/www.caxuacu.com\/wp-content\/uploads\/2019\/05\/DSCF2927-2000x1500.jpg 2000w, https:\/\/www.caxuacu.com\/wp-content\/uploads\/2019\/05\/DSCF2927-712x534.jpg 712w\" sizes=\"auto, (max-width: 1024px) 100vw, 1024px\" \/><\/figure><\/li><li class=\"blocks-gallery-item\"><figure><img loading=\"lazy\" decoding=\"async\" width=\"1024\" height=\"768\" src=\"https:\/\/www.caxuacu.com\/wp-content\/uploads\/2019\/05\/DSCF2928-1024x768.jpg\" alt=\"\" data-id=\"890\" data-link=\"https:\/\/www.caxuacu.com\/index.php\/hotel\/museo-de-la-panera\/dscf2928\/\" class=\"wp-image-890\" srcset=\"https:\/\/www.caxuacu.com\/wp-content\/uploads\/2019\/05\/DSCF2928-1024x768.jpg 1024w, https:\/\/www.caxuacu.com\/wp-content\/uploads\/2019\/05\/DSCF2928-300x225.jpg 300w, https:\/\/www.caxuacu.com\/wp-content\/uploads\/2019\/05\/DSCF2928-768x576.jpg 768w, https:\/\/www.caxuacu.com\/wp-content\/uploads\/2019\/05\/DSCF2928-747x560.jpg 747w, https:\/\/www.caxuacu.com\/wp-content\/uploads\/2019\/05\/DSCF2928-2000x1500.jpg 2000w, https:\/\/www.caxuacu.com\/wp-content\/uploads\/2019\/05\/DSCF2928-712x534.jpg 712w\" sizes=\"auto, (max-width: 1024px) 100vw, 1024px\" \/><\/figure><\/li><li class=\"blocks-gallery-item\"><figure><img loading=\"lazy\" decoding=\"async\" width=\"1024\" height=\"768\" src=\"https:\/\/www.caxuacu.com\/wp-content\/uploads\/2019\/05\/DSCF2931-1024x768.jpg\" alt=\"\" data-id=\"902\" data-link=\"https:\/\/www.caxuacu.com\/index.php\/hotel\/museo-de-la-panera\/dscf2931\/\" class=\"wp-image-902\" srcset=\"https:\/\/www.caxuacu.com\/wp-content\/uploads\/2019\/05\/DSCF2931-1024x768.jpg 1024w, https:\/\/www.caxuacu.com\/wp-content\/uploads\/2019\/05\/DSCF2931-300x225.jpg 300w, https:\/\/www.caxuacu.com\/wp-content\/uploads\/2019\/05\/DSCF2931-768x576.jpg 768w, https:\/\/www.caxuacu.com\/wp-content\/uploads\/2019\/05\/DSCF2931-747x560.jpg 747w, https:\/\/www.caxuacu.com\/wp-content\/uploads\/2019\/05\/DSCF2931-2000x1500.jpg 2000w, https:\/\/www.caxuacu.com\/wp-content\/uploads\/2019\/05\/DSCF2931-712x534.jpg 712w\" sizes=\"auto, (max-width: 1024px) 100vw, 1024px\" \/><\/figure><\/li><li class=\"blocks-gallery-item\"><figure><img loading=\"lazy\" decoding=\"async\" width=\"1024\" height=\"768\" src=\"https:\/\/www.caxuacu.com\/wp-content\/uploads\/2019\/05\/DSCF2933-1024x768.jpg\" alt=\"\" data-id=\"910\" data-link=\"https:\/\/www.caxuacu.com\/index.php\/hotel\/museo-de-la-panera\/dscf2933\/\" class=\"wp-image-910\" srcset=\"https:\/\/www.caxuacu.com\/wp-content\/uploads\/2019\/05\/DSCF2933-1024x768.jpg 1024w, https:\/\/www.caxuacu.com\/wp-content\/uploads\/2019\/05\/DSCF2933-300x225.jpg 300w, https:\/\/www.caxuacu.com\/wp-content\/uploads\/2019\/05\/DSCF2933-768x576.jpg 768w, https:\/\/www.caxuacu.com\/wp-content\/uploads\/2019\/05\/DSCF2933-747x560.jpg 747w, https:\/\/www.caxuacu.com\/wp-content\/uploads\/2019\/05\/DSCF2933-2000x1500.jpg 2000w, https:\/\/www.caxuacu.com\/wp-content\/uploads\/2019\/05\/DSCF2933-712x534.jpg 712w\" sizes=\"auto, (max-width: 1024px) 100vw, 1024px\" \/><\/figure><\/li><li class=\"blocks-gallery-item\"><figure><img loading=\"lazy\" decoding=\"async\" width=\"1024\" height=\"768\" src=\"https:\/\/www.caxuacu.com\/wp-content\/uploads\/2019\/05\/DSCF2934-1024x768.jpg\" alt=\"\" data-id=\"914\" data-link=\"https:\/\/www.caxuacu.com\/index.php\/hotel\/museo-de-la-panera\/dscf2934\/\" class=\"wp-image-914\" srcset=\"https:\/\/www.caxuacu.com\/wp-content\/uploads\/2019\/05\/DSCF2934-1024x768.jpg 1024w, https:\/\/www.caxuacu.com\/wp-content\/uploads\/2019\/05\/DSCF2934-300x225.jpg 300w, https:\/\/www.caxuacu.com\/wp-content\/uploads\/2019\/05\/DSCF2934-768x576.jpg 768w, https:\/\/www.caxuacu.com\/wp-content\/uploads\/2019\/05\/DSCF2934-747x560.jpg 747w, https:\/\/www.caxuacu.com\/wp-content\/uploads\/2019\/05\/DSCF2934-2000x1500.jpg 2000w, https:\/\/www.caxuacu.com\/wp-content\/uploads\/2019\/05\/DSCF2934-712x534.jpg 712w\" sizes=\"auto, (max-width: 1024px) 100vw, 1024px\" \/><\/figure><\/li><li class=\"blocks-gallery-item\"><figure><img loading=\"lazy\" decoding=\"async\" width=\"1024\" height=\"768\" src=\"https:\/\/www.caxuacu.com\/wp-content\/uploads\/2019\/05\/DSCF2935-1024x768.jpg\" alt=\"\" data-id=\"918\" data-link=\"https:\/\/www.caxuacu.com\/index.php\/hotel\/museo-de-la-panera\/dscf2935\/\" class=\"wp-image-918\" srcset=\"https:\/\/www.caxuacu.com\/wp-content\/uploads\/2019\/05\/DSCF2935-1024x768.jpg 1024w, https:\/\/www.caxuacu.com\/wp-content\/uploads\/2019\/05\/DSCF2935-300x225.jpg 300w, https:\/\/www.caxuacu.com\/wp-content\/uploads\/2019\/05\/DSCF2935-768x576.jpg 768w, https:\/\/www.caxuacu.com\/wp-content\/uploads\/2019\/05\/DSCF2935-747x560.jpg 747w, https:\/\/www.caxuacu.com\/wp-content\/uploads\/2019\/05\/DSCF2935-2000x1500.jpg 2000w, https:\/\/www.caxuacu.com\/wp-content\/uploads\/2019\/05\/DSCF2935-712x534.jpg 712w\" sizes=\"auto, (max-width: 1024px) 100vw, 1024px\" \/><\/figure><\/li><li class=\"blocks-gallery-item\"><figure><img loading=\"lazy\" decoding=\"async\" width=\"1024\" height=\"768\" src=\"https:\/\/www.caxuacu.com\/wp-content\/uploads\/2019\/05\/DSCF2936-1024x768.jpg\" alt=\"\" data-id=\"922\" data-link=\"https:\/\/www.caxuacu.com\/index.php\/hotel\/museo-de-la-panera\/dscf2936\/\" class=\"wp-image-922\" srcset=\"https:\/\/www.caxuacu.com\/wp-content\/uploads\/2019\/05\/DSCF2936-1024x768.jpg 1024w, https:\/\/www.caxuacu.com\/wp-content\/uploads\/2019\/05\/DSCF2936-300x225.jpg 300w, https:\/\/www.caxuacu.com\/wp-content\/uploads\/2019\/05\/DSCF2936-768x576.jpg 768w, https:\/\/www.caxuacu.com\/wp-content\/uploads\/2019\/05\/DSCF2936-747x560.jpg 747w, https:\/\/www.caxuacu.com\/wp-content\/uploads\/2019\/05\/DSCF2936-2000x1500.jpg 2000w, https:\/\/www.caxuacu.com\/wp-content\/uploads\/2019\/05\/DSCF2936-712x534.jpg 712w\" sizes=\"auto, (max-width: 1024px) 100vw, 1024px\" \/><\/figure><\/li><li class=\"blocks-gallery-item\"><figure><img loading=\"lazy\" decoding=\"async\" width=\"1024\" height=\"768\" src=\"https:\/\/www.caxuacu.com\/wp-content\/uploads\/2019\/05\/DSCF2937-1024x768.jpg\" alt=\"\" data-id=\"926\" data-link=\"https:\/\/www.caxuacu.com\/index.php\/hotel\/museo-de-la-panera\/dscf2937\/\" class=\"wp-image-926\" srcset=\"https:\/\/www.caxuacu.com\/wp-content\/uploads\/2019\/05\/DSCF2937-1024x768.jpg 1024w, https:\/\/www.caxuacu.com\/wp-content\/uploads\/2019\/05\/DSCF2937-300x225.jpg 300w, https:\/\/www.caxuacu.com\/wp-content\/uploads\/2019\/05\/DSCF2937-768x576.jpg 768w, https:\/\/www.caxuacu.com\/wp-content\/uploads\/2019\/05\/DSCF2937-747x560.jpg 747w, https:\/\/www.caxuacu.com\/wp-content\/uploads\/2019\/05\/DSCF2937-2000x1500.jpg 2000w, https:\/\/www.caxuacu.com\/wp-content\/uploads\/2019\/05\/DSCF2937-712x534.jpg 712w\" sizes=\"auto, (max-width: 1024px) 100vw, 1024px\" \/><\/figure><\/li><li class=\"blocks-gallery-item\"><figure><img loading=\"lazy\" decoding=\"async\" width=\"1024\" height=\"768\" src=\"https:\/\/www.caxuacu.com\/wp-content\/uploads\/2019\/05\/DSCF2940-1024x768.jpg\" alt=\"\" data-id=\"938\" data-link=\"https:\/\/www.caxuacu.com\/index.php\/hotel\/museo-de-la-panera\/dscf2940\/\" class=\"wp-image-938\" srcset=\"https:\/\/www.caxuacu.com\/wp-content\/uploads\/2019\/05\/DSCF2940-1024x768.jpg 1024w, https:\/\/www.caxuacu.com\/wp-content\/uploads\/2019\/05\/DSCF2940-300x225.jpg 300w, https:\/\/www.caxuacu.com\/wp-content\/uploads\/2019\/05\/DSCF2940-768x576.jpg 768w, https:\/\/www.caxuacu.com\/wp-content\/uploads\/2019\/05\/DSCF2940-747x560.jpg 747w, https:\/\/www.caxuacu.com\/wp-content\/uploads\/2019\/05\/DSCF2940-2000x1500.jpg 2000w, https:\/\/www.caxuacu.com\/wp-content\/uploads\/2019\/05\/DSCF2940-712x534.jpg 712w\" sizes=\"auto, (max-width: 1024px) 100vw, 1024px\" \/><\/figure><\/li><li class=\"blocks-gallery-item\"><figure><img loading=\"lazy\" decoding=\"async\" width=\"1024\" height=\"768\" src=\"https:\/\/www.caxuacu.com\/wp-content\/uploads\/2019\/05\/DSCF2941-1024x768.jpg\" alt=\"\" data-id=\"942\" data-link=\"https:\/\/www.caxuacu.com\/index.php\/hotel\/museo-de-la-panera\/dscf2941\/\" class=\"wp-image-942\" srcset=\"https:\/\/www.caxuacu.com\/wp-content\/uploads\/2019\/05\/DSCF2941-1024x768.jpg 1024w, https:\/\/www.caxuacu.com\/wp-content\/uploads\/2019\/05\/DSCF2941-300x225.jpg 300w, https:\/\/www.caxuacu.com\/wp-content\/uploads\/2019\/05\/DSCF2941-768x576.jpg 768w, https:\/\/www.caxuacu.com\/wp-content\/uploads\/2019\/05\/DSCF2941-747x560.jpg 747w, https:\/\/www.caxuacu.com\/wp-content\/uploads\/2019\/05\/DSCF2941-2000x1500.jpg 2000w, https:\/\/www.caxuacu.com\/wp-content\/uploads\/2019\/05\/DSCF2941-712x534.jpg 712w\" sizes=\"auto, (max-width: 1024px) 100vw, 1024px\" \/><\/figure><\/li><li class=\"blocks-gallery-item\"><figure><img loading=\"lazy\" decoding=\"async\" width=\"1024\" height=\"768\" src=\"https:\/\/www.caxuacu.com\/wp-content\/uploads\/2019\/05\/DSCF2943-1024x768.jpg\" alt=\"\" data-id=\"950\" data-link=\"https:\/\/www.caxuacu.com\/index.php\/hotel\/museo-de-la-panera\/dscf2943\/\" class=\"wp-image-950\" srcset=\"https:\/\/www.caxuacu.com\/wp-content\/uploads\/2019\/05\/DSCF2943-1024x768.jpg 1024w, https:\/\/www.caxuacu.com\/wp-content\/uploads\/2019\/05\/DSCF2943-300x225.jpg 300w, https:\/\/www.caxuacu.com\/wp-content\/uploads\/2019\/05\/DSCF2943-768x576.jpg 768w, https:\/\/www.caxuacu.com\/wp-content\/uploads\/2019\/05\/DSCF2943-747x560.jpg 747w, https:\/\/www.caxuacu.com\/wp-content\/uploads\/2019\/05\/DSCF2943-2000x1500.jpg 2000w, https:\/\/www.caxuacu.com\/wp-content\/uploads\/2019\/05\/DSCF2943-712x534.jpg 712w\" sizes=\"auto, (max-width: 1024px) 100vw, 1024px\" \/><\/figure><\/li><li class=\"blocks-gallery-item\"><figure><img loading=\"lazy\" decoding=\"async\" width=\"1024\" height=\"768\" src=\"https:\/\/www.caxuacu.com\/wp-content\/uploads\/2019\/05\/DSCF2946-1024x768.jpg\" alt=\"\" data-id=\"962\" data-link=\"https:\/\/www.caxuacu.com\/index.php\/hotel\/museo-de-la-panera\/dscf2946\/\" class=\"wp-image-962\" srcset=\"https:\/\/www.caxuacu.com\/wp-content\/uploads\/2019\/05\/DSCF2946-1024x768.jpg 1024w, https:\/\/www.caxuacu.com\/wp-content\/uploads\/2019\/05\/DSCF2946-300x225.jpg 300w, https:\/\/www.caxuacu.com\/wp-content\/uploads\/2019\/05\/DSCF2946-768x576.jpg 768w, https:\/\/www.caxuacu.com\/wp-content\/uploads\/2019\/05\/DSCF2946-747x560.jpg 747w, https:\/\/www.caxuacu.com\/wp-content\/uploads\/2019\/05\/DSCF2946-2000x1500.jpg 2000w, https:\/\/www.caxuacu.com\/wp-content\/uploads\/2019\/05\/DSCF2946-712x534.jpg 712w\" sizes=\"auto, (max-width: 1024px) 100vw, 1024px\" \/><\/figure><\/li><li class=\"blocks-gallery-item\"><figure><img loading=\"lazy\" decoding=\"async\" width=\"1024\" height=\"768\" src=\"https:\/\/www.caxuacu.com\/wp-content\/uploads\/2019\/05\/DSCF2948-1024x768.jpg\" alt=\"\" data-id=\"970\" data-link=\"https:\/\/www.caxuacu.com\/index.php\/hotel\/museo-de-la-panera\/dscf2948\/\" class=\"wp-image-970\" srcset=\"https:\/\/www.caxuacu.com\/wp-content\/uploads\/2019\/05\/DSCF2948-1024x768.jpg 1024w, https:\/\/www.caxuacu.com\/wp-content\/uploads\/2019\/05\/DSCF2948-300x225.jpg 300w, https:\/\/www.caxuacu.com\/wp-content\/uploads\/2019\/05\/DSCF2948-768x576.jpg 768w, https:\/\/www.caxuacu.com\/wp-content\/uploads\/2019\/05\/DSCF2948-747x560.jpg 747w, https:\/\/www.caxuacu.com\/wp-content\/uploads\/2019\/05\/DSCF2948-2000x1500.jpg 2000w, https:\/\/www.caxuacu.com\/wp-content\/uploads\/2019\/05\/DSCF2948-712x534.jpg 712w\" sizes=\"auto, (max-width: 1024px) 100vw, 1024px\" \/><\/figure><\/li><\/ul>\n","protected":false},"excerpt":{"rendered":"<p>La\u00a0panera\u00a0es una antigua edificaci\u00f3n rural sobre pilares para almacenar el cereal. Es similar al horreo, pero por lo general tiene m\u00e1s de cuatro pegollos\u00a0o pilares. La distinci\u00f3n estricta, sin embargo, entre h\u00f3rreo y panera no es el n\u00famero de pegollos, sino el tejado. Los h\u00f3rreos tienen tejados a cuatro aguas que se unen en el &hellip; <a href=\"https:\/\/www.caxuacu.com\/index.php\/hotel\/museo-de-la-panera\/\" class=\"more-link\">Continue reading<span class=\"screen-reader-text\"> \u00abMuseo de la Panera\u00bb<\/span><\/a><\/p>\n","protected":false},"author":2,"featured_media":857,"parent":361,"menu_order":0,"comment_status":"closed","ping_status":"closed","template":"","meta":{"footnotes":""},"class_list":["post-836","page","type-page","status-publish","has-post-thumbnail","hentry"],"_links":{"self":[{"href":"https:\/\/www.caxuacu.com\/index.php\/wp-json\/wp\/v2\/pages\/836","targetHints":{"allow":["GET"]}}],"collection":[{"href":"https:\/\/www.caxuacu.com\/index.php\/wp-json\/wp\/v2\/pages"}],"about":[{"href":"https:\/\/www.caxuacu.com\/index.php\/wp-json\/wp\/v2\/types\/page"}],"author":[{"embeddable":true,"href":"https:\/\/www.caxuacu.com\/index.php\/wp-json\/wp\/v2\/users\/2"}],"replies":[{"embeddable":true,"href":"https:\/\/www.caxuacu.com\/index.php\/wp-json\/wp\/v2\/comments?post=836"}],"version-history":[{"count":2,"href":"https:\/\/www.caxuacu.com\/index.php\/wp-json\/wp\/v2\/pages\/836\/revisions"}],"predecessor-version":[{"id":974,"href":"https:\/\/www.caxuacu.com\/index.php\/wp-json\/wp\/v2\/pages\/836\/revisions\/974"}],"up":[{"embeddable":true,"href":"https:\/\/www.caxuacu.com\/index.php\/wp-json\/wp\/v2\/pages\/361"}],"wp:featuredmedia":[{"embeddable":true,"href":"https:\/\/www.caxuacu.com\/index.php\/wp-json\/wp\/v2\/media\/857"}],"wp:attachment":[{"href":"https:\/\/www.caxuacu.com\/index.php\/wp-json\/wp\/v2\/media?parent=836"}],"curies":[{"name":"wp","href":"https:\/\/api.w.org\/{rel}","templated":true}]}}